{"id":9814,"date":"2025-03-31T16:42:56","date_gmt":"2025-03-31T20:42:56","guid":{"rendered":"https:\/\/fadir.ufms.br\/?page_id=9814"},"modified":"2026-04-01T14:45:13","modified_gmt":"2026-04-01T18:45:13","slug":"escala-de-atendimento-presencial-direcao-coad-pos-graduacao-lato-sensu","status":"publish","type":"page","link":"https:\/\/fadir.ufms.br\/en\/escala-de-atendimento-presencial-direcao-coad-pos-graduacao-lato-sensu\/","title":{"rendered":"(Portugu\u00eas do Brasil) Escala de atendimento Dire\u00e7\u00e3o\/COAD\/P\u00f3s-Gradua\u00e7\u00e3o Lato Sensu &#8211; Abril\/2026"},"content":{"rendered":"<p class=\"qtranxs-available-languages-message qtranxs-available-languages-message-en\">Sorry, this entry is only available in <a href=\"https:\/\/fadir.ufms.br\/pb\/wp-json\/wp\/v2\/pages\/9814\" class=\"qtranxs-available-language-link qtranxs-available-language-link-pb\" title=\"Portugu\u00eas do Brasil\">Portugu\u00eas do Brasil<\/a>.<\/p>","protected":false},"excerpt":{"rendered":"","protected":false},"author":14857,"featured_media":0,"parent":0,"menu_order":0,"comment_status":"closed","ping_status":"closed","template":"","meta":{"footnotes":""},"coauthors":[84],"class_list":["post-9814","page","type-page","status-publish","hentry"],"_links":{"self":[{"href":"https:\/\/fadir.ufms.br\/en\/wp-json\/wp\/v2\/pages\/9814","targetHints":{"allow":["GET"]}}],"collection":[{"href":"https:\/\/fadir.ufms.br\/en\/wp-json\/wp\/v2\/pages"}],"about":[{"href":"https:\/\/fadir.ufms.br\/en\/wp-json\/wp\/v2\/types\/page"}],"author":[{"embeddable":true,"href":"https:\/\/fadir.ufms.br\/en\/wp-json\/wp\/v2\/users\/14857"}],"replies":[{"embeddable":true,"href":"https:\/\/fadir.ufms.br\/en\/wp-json\/wp\/v2\/comments?post=9814"}],"version-history":[{"count":20,"href":"https:\/\/fadir.ufms.br\/en\/wp-json\/wp\/v2\/pages\/9814\/revisions"}],"predecessor-version":[{"id":10356,"href":"https:\/\/fadir.ufms.br\/en\/wp-json\/wp\/v2\/pages\/9814\/revisions\/10356"}],"wp:attachment":[{"href":"https:\/\/fadir.ufms.br\/en\/wp-json\/wp\/v2\/media?parent=9814"}],"wp:term":[{"taxonomy":"author","embeddable":true,"href":"https:\/\/fadir.ufms.br\/en\/wp-json\/wp\/v2\/coauthors?post=9814"}],"curies":[{"name":"wp","href":"https:\/\/api.w.org\/{rel}","templated":true}]}}

(Português do Brasil) Escala de atendimento Direção/COAD/Pós-Graduação Lato Sensu &#8211; Abril/2026

<p class="qtranxs-available-languages-message qtranxs-available-languages-message-en">Sorry, this entry is only available in <a href="https://fadir.ufms.br/pb/wp-json/wp/v2/pages/9814" class="qtranxs-available-language-link qtranxs-available-language-link-pb" title="Português do Brasil">Português do Brasil</a>.</p>
